of v?
2
Suppose 2*i + 3*p - 52 = 0, 0 = 5*i + 2*p - 168 + 49. What is the units digit of i?
3
Let k(l) = -2*l. Let q be k(-4). Suppose 2 + q = 5*v. Suppose -3*z = v*m - 26, 4*m - 1 = z + 23. What is the units digit of m?
7
Let n(i) = -i**2 - 14*i - 2. What is the tens digit of n(-6)?
4
Let n be (6 + -8)*1*-2. Suppose -10 = -7*j + 2*j. Suppose j*l = 2*i - i + 1, -7 = -n*l + i. What is the units digit of l?
3
Let p = -15 - -23. Let n = p + -4. Suppose n*l - 2*q - 22 = 3*q, -2 = 2*l + 4*q. What is the units digit of l?
3
Let w(i) = -124*i. What is the units digit of w(-1)?
4
Let c(a) = -a**2 + 7*a + 5. Let u be c(7). Suppose u*f - 6*f + 4 = 0. Suppose f*j + 2 = -4*m + 18, m = 3*j. What is the units digit of j?
1
Suppose 34 = -12*m + 13*m. What is the units digit of m?
4
Let h = -56 + 124. What is the units digit of h?
8
Suppose -2*o + 5 = -5. Let y(q) = q**3 - 5*q**2 + 5*q - 1. What is the tens digit of y(o)?
2
Let u = 5 - -4. Let o = u - 5. What is the units digit of o?
4
Let w be (-1 - 0)*3/(-3). Suppose -2*c - w = -15. What is the units digit of c?
7
Let v be (-11)/6 - (-1)/(-6). What is the units digit of (18/12)/(v/(-24))?
8
What is the units digit of (-28)/(-98) + (-3846)/(-14)?
5
Let q(g) = -4*g + 20. What is the tens digit of q(-11)?
6
Let z = -6 - -8. Let d be (6 + 1)*-1 - -2. What is the units digit of z/d - 228/(-20)?
1
Suppose -3*h - 4 = -2*z, h = -0*h - 3*z + 6. Let g = 7 + h. What is the units digit of g?
7
Suppose 7 = -t + 20. Let u = t + -2. What is the units digit of u?
1
Let o(y) = -4*y - 24. What is the units digit of o(-7)?
4
Let w(y) = y. Let v be w(-1). Suppose 0 = -4*m + m - 3, -s + 5*m = 25. What is the tens digit of 2*s/4*v?
1
Suppose -3*d = -b - 118, 3*d - 208 = -2*d - 4*b. What is the tens digit of d?
4
Suppose 0 = 18*c - 14*c - 532. What is the hundreds digit of c?
1
What is the tens digit of 396/15 + (-4)/10?
2
Let x = 4 + 0. Let v be 3/2*(-8)/(-6). Suppose x = 3*m - v. What is the units digit of m?
2
Let q be 1/((-2)/(-2)*-1). Let o = q + -7. What is the units digit of o/6*(-36)/8?
6
What is the units digit of (-72)/(-14)*(-14)/(-3)?
4
Let h = 97 - 54. What is the units digit of h?
3
Suppose 0 = -5*s + 5 + 5. Let n be 9/(-3) + s + 1. Suppose -w + 3 = -n*w. What is the units digit of w?
3
What is the units digit of 745/15 - 2/3?
9
Suppose 2*c = -2*g + 55 + 57, 4*c + 2*g = 222. Suppose -3*h = 2*h - c. What is the tens digit of h?
1
Suppose 2*s + 2*n + 15 = s, 3*s = -5*n - 40. Let x be (2 - s) + 1/1. Let j = x + -4. What is the units digit of j?
4
Suppose z + 3*i - 16 = 0, 4*z + 5*i - 36 = -0*z. Suppose -21 = -5*w - z*x, -x + 5*x - 19 = -3*w. What is the units digit of w?
1
Let c = -10 - -14. Suppose c*r = -2*u + 5*u - 6, 4*r = 5*u - 10. What is the units digit of u?
2
Suppose -9*c + 11*c = 182. What is the units digit of c?
1
Let b(k) = -k**3 + 5*k**2 + 7*k - 9. Let n(i) = 3*i - 3. Let a be n(3). Let f be b(a). What is the units digit of 1 - (-1 - f) - -5?
4
Suppose -8 = -5*x + 2. Suppose -2*d + 0*u = -u - 55, 0 = -x*d - 2*u + 46. What is the tens digit of d?
2
Suppose 4*u = 3*d - 7, -4*d + 12 = -5*u + 2. Suppose 2*f = -f - 4*m + 11, -d*m - 10 = -f. Let q(w) = -w**3 + 6*w**2 - 3*w - 7. What is the units digit of q(f)?
3
Let q be 1/(3 - 8/3). Suppose -15 = -5*w - 3*l - q, 14 = 4*w - 2*l. Suppose -i = -w*c + 51, -4*c + 68 = -0*c + 3*i. What is the units digit of c?
7
Suppose 0 = -6*v + 2*v + 128. Suppose -v = -4*g + 24. What is the tens digit of g?
1
Suppose -9 = -3*p + 6. Suppose 25 = -p*n, -107 = -3*l + 2*n - n. What is the units digit of l?
4
Let g(h) = 79*h - 8. What is the units digit of g(1)?
1
Let n(w) be the first derivative of w**3/3 - 3*w**2 + 3*w + 2. Let d be n(6). Suppose 6*t + 5 = t - 5*j, 17 = d*t - j. What is the units digit of t?
4
Suppose 3*u + 0 = 4*z + 7, 15 = 5*z + u. Let j = z - 4. What is the units digit of j/(9/6 + -2)?
4
Let k(o) = -2*o**3 - 11*o**2 + 9*o - 9. Let t(m) = m**3 + 11*m**2 - 8*m + 9. Let f(z) = 2*k(z) + 3*t(z). What is the tens digit of f(10)?
4
What is the units digit of 8/4 + -6 + 49?
5
Suppose 0 = -4*q + o + 34, 2*q - o = -0*o + 18. What is the units digit of 2/q + 649/44?
5
Let q(b) = 38*b - 1. What is the units digit of q(1)?
7
Suppose p + 4*p = -105. Let f = -39 - p. Let s = f - -32. What is the units digit of s?
4
Let r = -1 - -2. Let b = -6 - -6. Let a = r + b. What is the units digit of a?
1
Let k(n) = -n**3 - 4*n**2 + 10*n + 9. Let b be k(-6). Let r = b - 13. What is the units digit of r?
8
Suppose 4*v = -d + 117, -v - 54 = -3*v - 2*d. What is the units digit of v?
0
Suppose 2*a - 142 = -0*f + 4*f, 69 = a - 4*f. What is the tens digit of a?
7
Let q(v) = v**3 + 7*v**2 + 8*v + 4. What is the tens digit of q(-5)?
1
Let a(w) = -w + 21. Let v be ((-12)/(-5) - 2)*5. Suppose -v*y + 2*p - 16 = -4*y, 5*y = -2*p + 46. What is the units digit of a(y)?
1
Let w(d) = 3 - 17 - 2*d - d**2 + d + d**3. Let v be w(0). What is the units digit of (-12)/(-4) - v/2?
0
What is the units digit of (-1476)/(-15) + 8/(-20)?
8
Let u be (-1 - -1)*7/(-14). Suppose 4*y + 5*p - 169 = u, 4*y - 2*p = -p + 139. What is the tens digit of y?
3
Suppose -i + 40 = i. Let t = 33 - i. Suppose -2*j = -y - 7, -3*j - 2*y + 8 + t = 0. What is the units digit of j?
5
Suppose -2*q - q = 2*x - 19, 5*x = -4*q + 37. Let v = -2 + x. Let p = v - 0. What is the units digit of p?
3
Suppose -6*q = -q - f + 469, -191 = 2*q + 3*f. Let b = 132 + q. What is the units digit of b?
8
Let j = 2 + 36. What is the units digit of j?
8
Suppose 0 = -k + 31 + 5. What is the tens digit of k?
3
Let u(j) = -j - 7. Let h be u(-5). Let n = 4 + h. Suppose 6 = 3*d - d - 4*q, 2*d + n*q - 24 = 0. What is the units digit of d?
9
Let p(j) = j**2 + 7*j - 11. What is the units digit of p(4)?
3
Suppose 3*g = -2*g + u + 41, 3*g - 20 = -4*u. Suppose 3*r - 15 = 0, 0*r - 2*r + g = -t. Suppose t*f - 50 = -3*f. What is the tens digit of f?
1
Suppose -c - 2 = -7. What is the units digit of c?
5
Let j(g) = 14*g - 26. Let h(t) = -5*t + 9. Let r(x) = -11*h(x) - 4*j(x). Let y be r(4). Suppose -3*p - 3 = f, -4*p - y = 15. What is the units digit of f?
9
Suppose 0 = -0*v - 2*v + 106. Suppose 4*a - v = 15. What is the tens digit of a?
1
What is the tens digit of ((-1)/1)/((-8)/808)?
0
Let t(p) = p**3 - 3*p**2 - 2*p. Let l be (-1)/(-2 - 14/(-8)). What is the units digit of t(l)?
8
Let w be (12/15)/((-2)/(-10)). Suppose w*x - 4 = -0. What is the tens digit of 12 + (2 - -1 - x)?
1
Let d(v) = -v + 6. Let k be d(9). Let w = -1 - k. What is the units digit of -5*w*1/(-2)?
5
Let s = -7 - -11. Suppose -3*u + u = -10, s*t - 175 = -3*u. What is the tens digit of t?
4
Suppose -m - 3*i - 54 = -2*m, -m - i + 62 = 0. What is the tens digit of m?
6
Let j = 24 + -3. What is the units digit of j?
1
Suppose -r + 8*f + 25 = 3*f, -2*r - 2*f + 62 = 0. Let w = r + -9. What is the units digit of w?
1
Suppose -w + 0*m + 49 = -3*m, 0 = -4*w + 5*m + 175. Suppose -3*d - 2*d + w = 0. What is the units digit of d?
8
Suppose -3*y - 52 = -7*y. Let u = -7 + y. What is the units digit of 2/u*(13 + -1)?
4
Let z(r) = 12*r**2 - 9*r + 15. What is the hundreds digit of z(4)?
1
What is the units digit of (-36)/((3/30)/(3/(-12)))?
0
Suppose -2*n - 260 = -4*n. What is the units digit of n?
0
Let n = 16 - 8. Suppose -n = -4*f + 3*f. What is the units digit of f?
8
Let r be -3 - -2*15/6. Let s = r - 5. Let o = s - -8. What is the units digit of o?
5
Let d(n) = -29*n**3. What is the tens digit of d(-1)?
2
Let q = -36 - -106. What is the units digit of q?
0
Suppose 5*t + 5*n - 50 = 3*n, 0 = 5*n - 25. Suppose -2*l = -t - 28. Suppose l = -c + 4*c. What is the units digit of c?
6
Let l(h) = -h**2 - 6*h + 6. Let c(p) = p**2 + 7*p. Let u be c(-6). What is the units digit of l(u)?
6
Let t = 8 + -5. Suppose r = t*r - 56. What is the tens digit of r?
2
Let h = 633 + -375. What is the tens digit of h/8 + (-3)/(-4)?
3
Let c = 23 - 12. Suppose f - c + 1 = 0. Let r = f + -6. What is the units digit of r?
4
Suppose 0*i = 3*i - 3. Let b be (-28)/(-6)*(-18)/(-12). Suppose -i = h - b. What is the units digit of h?
6
Let h = 11 + -8. Suppose -16 = -5*w + h*w. What is the units digit of w?
8
Let b be (-2 + -3)*(-2)/(-5). Let s = 10 - b. What is the tens digit of s?
1
Let n be (-4)/10 - 16/(-40). What is the units digit of 2 - n